se 104 = 4*c - l, 2*l + 28 = c + 2. Let f(w) = w**3 - 6*w**2 + w + 7. Let u be f(6). Calculate the greatest common factor of u and c.
13
Let c be (-103704)/(-29) - 40/5. What is the greatest common factor of 16 and c?
16
Let z(l) = -6*l - 9. Let u be z(-2). Let w be 6/(-3)*(1 - (u - -25)). What is the greatest common factor of w and 36?
18
Let w be (16/(-20))/((-468)/460 - -1). Calculate the highest common factor of w and 943.
23
Suppose -3*c = -9, 4*c + 34 = f - 52. Calculate the greatest common factor of f and 42.
14
Let q be 1 + 4 - (2 - 0). Let j be (-6)/(q*6/(-9)). Let c be 1/j + 8/12. What is the greatest common divisor of c and 5?
1
Let o = -386 + 482. What is the highest common divisor of 48 and o?
48
Let l(a) = a**2 + 5*a - 16. Let i be l(-8). Suppose -6*k - 450 = -5*q - k, 0 = k + 2. What is the greatest common divisor of q and i?
8
Let t(l) = -l + 5. Let o be t(0). Suppose -3*a = -o*a + 130. What is the highest common divisor of 26 and a?
13
Let u be (1 + 22 + (-20)/10)*2. Let l = u - 10. Calculate the highest common factor of 48 and l.
16
Suppose 23 = 4*c - 5*h, 3*c - 2*c = 2*h + 8. Suppose c*u - 250 = -3*u. What is the highest common factor of u and 20?
10
Let s = 48 - 48. Suppose -5*h - 6*h + 11 = s. Calculate the highest common divisor of 11 and h.
1
Let u(j) = -j**2 - 20*j - 7. Let q be u(-17). Let r = -91 + 157. What is the greatest common divisor of q and r?
22
Suppose 168*a = 155*a + 819. What is the highest common divisor of a and 18?
9
Let m be 0 - (35/(-7) + -16). What is the greatest common factor of m and 693?
21
Suppose -52 = 8*z - 10*z. Let c = z - 22. Suppose -g = -0*g + c*b - 26, -44 = -g + 5*b. What is the highest common factor of g and 17?
17
Suppose -2*w = 5*n - 26, 4*w - 10 = 2*n + 18. Suppose -2*r - 4 + 16 = -k, 4*r = -k + 12. What is the highest common factor of r and w?
4
Let t(b) = 3*b**3 + 21*b**2 + 50*b + 358. Let n be t(-7). Let c be 0/1 + (15 - -1). Calculate the highest common factor of n and c.
8
Let y be 169/39 + (-1)/3. Suppose 3*u + y*g - 12 = 3*g, -12 = -4*g. What is the greatest common factor of 1 and u?
1
Suppose -4*b + 14 + 6 = 0. Let t be (-13)/((-13)/62) + -7. What is the highest common divisor of t and b?
5
Suppose 5*u - 5*n = 38 - 3, u = 2*n + 7. Let j(s) = -s + 6. Let t be j(2). Suppose 0 = -u*m + t*m + 78. Calculate the highest common divisor of m and 39.
13
Let p(l) = 16*l**3 - 2*l**2 + 1. Let t be p(1). Let v be (-1)/(3/(-15)) + 2. Let s(r) = -r + 13. Let j be s(v). What is the greatest common factor of t and j?
3
Let n be (-26)/(-52) - ((-74)/4 + -1). Suppose -5*c + 2*h + n = 0, -2*h - 9 = -3*c + 7. What is the greatest common factor of c and 5?
1
Suppose -17*j + 64*j = 470. What is the highest common divisor of j and 78?
2
Suppose 2*o = -3*q, 3*o - q = -4*q. Let b = 2 - o. Let d be (-3)/b*56/(-6). Calculate the greatest common divisor of 21 and d.
7
Suppose a - 8*u + 9*u = 131, -4*u + 146 = a. Calculate the greatest common divisor of 90 and a.
18
Suppose 168*n - 182*n + 10640 = 0. What is the greatest common divisor of n and 40?
40
Let w = 28 + 56. What is the greatest common divisor of w and 448?
28
Let p(d) = 7*d**2 - 21*d - 30. Let m be p(5). Let q(g) = 5*g**2 + 3*g + 2. Let f be q(-2). Calculate the greatest common divisor of m and f.
8
Suppose -5*c + 313 = 3*v - 0, 4*v = 2*c + 374. What is the greatest common divisor of 336 and v?
48
Suppose -v = v - 6. Suppose -5*z + v*j + 35 = 7*j, -2*j = z - 13. Suppose -3 = 2*f - z*f. What is the greatest common divisor of f and 21?
3
Let t(i) = i**3 - 9*i**2 + 10*i - 6. Let m be t(6). Let q = -25 - m. Let g = q - 13. Calculate the greatest common factor of 112 and g.
16
Suppose 52 = 6*i + 46. Suppose 5*s - 21 + 10 = 3*o, -5*s + 7 = -o. Calculate the greatest common factor of s and i.
1
Suppose -4*d + 2 - 6 = 0. Let c = 16 + d. Calculate the highest common divisor of c and 5.
5
Suppose -5*z = 4*y - 2*z - 3169, 2*y - 2*z - 1602 = 0. Suppose -4*l + y = -j, 0 = -l - 2*j + 156 + 34. Calculate the greatest common divisor of 22 and l.
22
Let u = -1324 + 1352. What is the greatest common factor of 252 and u?
28
Suppose 0 = -4*v - 3*z + 896, v + 2*v - 675 = -3*z. Let d = v - 158. Calculate the greatest common divisor of d and 504.
63
Suppose 29*t + 4*t = 264. What is the highest common divisor of t and 124?
4
Let l = 193 - 184. What is the greatest common divisor of l and 72?
9
Suppose 4*o + 13 = -4*l - 11, 0 = -3*l - 9. Let s = o + 5. What is the highest common factor of 4 and s?
2
Suppose -4*i - 5*n = -304, -3*i = -n + 3*n - 235. Suppose -3*g - 431 = -425, -3*g - 114 = -2*m. What is the greatest common factor of m and i?
27
Let w be 7/(126/4236)*3/2. Suppose 11*g - w = 241. What is the highest common factor of g and 36?
18
Let i(z) = -15*z. Let d be i(-6). Suppose -5 = -n - 0. Suppose -n*x + 232 - 52 = 0. Calculate the greatest common factor of x and d.
18
Suppose 25*p = -12*p + 740. Calculate the greatest common divisor of 50 and p.
10
Suppose -3 - 32 = -7*c. Calculate the highest common divisor of c and 295.
5
Let m(i) be the first derivative of i**4/4 - 2*i**3 - 3*i**2 - 6*i - 2. Let x be m(7). Let s = 15 - 6. Calculate the greatest common factor of x and s.
1
Suppose 0 = c - 5 + 3. Suppose 2*y = -3*w + 35, c*w = 5*y - 13 - 27. Let r = -1866 - -1876. What is the highest common divisor of y and r?
10
Let m(g) = -10*g**3 - 4*g**2 - 8. Let n be m(-4). What is the highest common factor of n and 8?
8
Let i(n) = 212*n - 10. Let c be i(7). Let j = c - 958. Suppose -x + 225 = 5*r - 299, -5*r + j = -x. What is the greatest common divisor of 13 and r?
13
Let i = 957 - 934. What is the highest common divisor of i and 115?
23
Let b(o) = -7*o - 1. Let l(r) = -6*r - 1. Let k(t) = -6*b(t) + 4*l(t). Let p be k(3). Let u be 5 + -2 + -2 - -6. What is the highest common divisor of u and p?
7
Suppose 0 = -13*d + 127 - 88. Let f(v) = 3*v**2 - 3*v - 3. Let q be f(3). What is the highest common divisor of q and d?
3
Let d be -7*(190/(-35) + 2). Suppose -11 = -4*a + 13. Calculate the highest common divisor of d and a.
6
Suppose -a + 276 = -3*q, -4*a + 0*a - 3*q + 1074 = 0. What is the highest common factor of a and 324?
54
Let b = -1 - -3. Suppose f = 2*r - f - 12, -r - 3*f = b. Suppose -2*m = -4, 0*n = -r*n - m + 50. Calculate the greatest common divisor of 36 and n.
12
Suppose -10*l + 22 = -8. Let g be (3 - 4) + l - -22. Calculate the greatest common factor of g and 216.
24
Suppose 0 = -3*j, 2*d + 4*j = -2*d + 36. Suppose -4*a - 17 = h, -4*h - 7 = -2*a - 29. Calculate the highest common factor of d and h.
3
Let m = 10 - 4. Let y(c) = 2*c + 4. Let j be y(-6). Let s be (m/12)/((-2)/j). Calculate the greatest common factor of 14 and s.
2
Let n be (-473)/(-33) - (-2)/(-6)*-2. Let r be 3/n + (-6)/(-20)*26. What is the highest common factor of 8 and r?
8
Let o be 6*429/(-52)*(-14)/3. What is the highest common factor of 99 and o?
33
Let m(h) = 4*h - 119. Let i be m(30). Calculate the greatest common factor of 23 and i.
1
Let v = -37 - -112. What is the greatest common divisor of v and 125?
25
Suppose -7*d + 67 = -115. What is the highest common factor of 13 and d?
13
Let y(q) = -q + 11. Let c be y(10). Let w be ((-52)/12 - -1)/(2/(-3)). What is the highest common divisor of w and c?
1
Let h = 84 + -4. Calculate the highest common divisor of 50 and h.
10
Let t be 2 + 0 + -1 - -20. Let x = -279 - -293. Calculate the highest common factor of x and t.
7
Let g(q) = -37*q - 240. Let f be g(-7). What is the highest common divisor of 38 and f?
19
Let a(b) be the second derivative of b**5/20 - 2*b**4/3 + 4*b**3/3 - 2*b**2 + 5*b. Let r be a(7). Calculate the highest common divisor of 24 and r.
3
Let i(z) = 5*z**2 - 12*z - 10. Let j be i(4). Calculate the highest common divisor of j and 33.
11
Let j be 2*7/(56/120). What is the greatest common divisor of 75 and j?
15
Let w = -15 - -13. Let s be w/(-10) - (-1704)/30. Calculate the highest common divisor of 19 and s.
19
Let p be ((-6)/7)/((-3)/105). Suppose -182*z + 153*z + 174 = 0. What is the greatest common factor of p and z?
6
Let j be (18 + 0)*4/12. What is the highest common factor of j and 12?
6
Let w be 4/18 - 2140/(-90). Suppose 5 = t + 7. Let v be (-18)/(0 + t) - 1. What is the highest common divisor of v and w?
8
Suppose